ided by 401?
398
Calculate the remainder when 2335 is divided by 93.
10
Calculate the remainder when 21205 is divided by 1322.
53
What is the remainder when 12310 is divided by 77?
67
What is the remainder when 102783 is divided by 292?
291
What is the remainder when 1325 is divided by 138?
83
Calculate the remainder when 44517 is divided by 1927.
196
Calculate the remainder when 141715 is divided by 97.
95
What is the remainder when 64432 is divided by 21257?
661
What is the remainder when 68626 is divided by 114?
112
Calculate the remainder when 24801 is divided by 96.
33
What is the remainder when 14178 is divided by 59?
18
What is the remainder when 3187435 is divided by 16?
11
Calculate the remainder when 1620856 is divided by 20.
16
What is the remainder when 7275 is divided by 807?
12
Calculate the remainder when 20629 is divided by 27.
1
Calculate the remainder when 2448 is divided by 321.
201
Calculate the remainder when 32112 is divided by 16040.
32
What is the remainder when 107238 is divided by 207?
12
Calculate the remainder when 946033 is divided by 182.
179
What is the remainder when 3826 is divided by 1076?
598
Calculate the remainder when 1796759 is divided by 805.
804
Calculate the remainder when 5387 is divided by 95.
67
Calculate the remainder when 234348 is divided by 12.
0
Calculate the remainder when 270094 is divided by 473.
11
Calculate the remainder when 3650 is divided by 1777.
96
Calculate the remainder when 34692 is divided by 1505.
77
Calculate the remainder when 8025 is divided by 29.
21
Calculate the remainder when 2594 is divided by 225.
119
Calculate the remainder when 9310 is divided by 1922.
1622
Calculate the remainder when 45323 is divided by 521.
517
Calculate the remainder when 2101 is divided by 683.
52
What is the remainder when 65905 is divided by 62?
61
What is the remainder when 247086 is divided by 706?
692
What is the remainder when 15859 is divided by 3797?
671
What is the remainder when 23714 is divided by 926?
564
Calculate the remainder when 6922 is divided by 3454.
14
What is the remainder when 299 is divided by 267?
32
Calculate the remainder when 4482 is divided by 1120.
2
What is the remainder when 44070 is divided by 1910?
140
What is the remainder when 9007 is divided by 333?
16
Calculate the remainder when 2947 is divided by 48.
19
What is the remainder when 13875916 is divided by 2289?
2287
What is the remainder when 16366 is divided by 4055?
146
What is the remainder when 8300 is divided by 419?
339
What is the remainder when 5515 is divided by 81?
7
Calculate the remainder when 6363 is divided by 2108.
39
What is the remainder when 3530 is divided by 1321?
888
Calculate the remainder when 455167 is divided by 2434.
9
Calculate the remainder when 684377 is divided by 219.
2
What is the remainder when 27395 is divided by 654?
581
What is the remainder when 2317 is divided by 686?
259
What is the remainder when 96085 is divided by 177?
151
Calculate the remainder when 2845 is divided by 1720.
1125
Calculate the remainder when 5888 is divided by 909.
434
What is the remainder when 35514 is divided by 4?
2
Calculate the remainder when 17472 is divided by 93.
81
Calculate the remainder when 868459 is divided by 1403.
2
What is the remainder when 501 is divided by 37?
20
Calculate the remainder when 1493430 is divided by 129.
126
What is the remainder when 2112 is divided by 516?
48
Calculate the remainder when 4062 is divided by 11.
3
What is the remainder when 319512 is divided by 26?
24
What is the remainder when 31879 is divided by 1027?
42
What is the remainder when 12268 is divided by 942?
22
What is the remainder when 34072 is divided by 631?
629
What is the remainder when 2204 is divided by 1110?
1094
What is the remainder when 676012 is divided by 2?
0
Calculate the remainder when 13105 is divided by 1866.
43
What is the remainder when 227 is divided by 44?
7
Calculate the remainder when 13142 is divided by 3282.
14
What is the remainder when 27654 is divided by 22?
0
Calculate the remainder when 1367 is divided by 685.
682
Calculate the remainder when 9644 is divided by 2507.
2123
Calculate the remainder when 14194 is divided by 396.
334
Calculate the remainder when 85245 is divided by 144.
141
What is the remainder when 2901 is divided by 2861?
40
What is the remainder when 254 is divided by 33?
23
What is the remainder when 1962 is divided by 412?
314
Calculate the remainder when 9292 is divided by 151.
81
What is the remainder when 33391 is divided by 69?
64
What is the remainder when 19520 is divided by 778?
70
Calculate the remainder when 354824 is divided by 45.
44
What is the remainder when 84010 is divided by 201?
193
What is the remainder when 2125 is divided by 142?
137
Calculate the remainder when 259521 is divided by 175.
171
What is the remainder when 23026 is divided by 5743?
54
What is the remainder when 12333 is divided by 474?
9
What is the remainder when 2373 is divided by 337?
14
What is the remainder when 45441 is divided by 15130?
51
Calculate the remainder when 370 is divided by 119.
13
What is the remainder when 514494 is divided by 32?
30
What is the remainder when 6372 is divided by 629?
82
Calculate the remainder when 4843306 is divided by 173.
171
Calculate the remainder when 7722 is divided by 3859.
4
Calculate the remainder when 21062 is divided by 42.
20
Calculate the remainder when 2121 is divided by 62.
13
What is the remainder when 16521 is divided by 10?
1
What is the remainder when 3434079 is divided by 40?
39
What is the remainder when 2554 is divided by 1277?
0
Calculate the remainder when 565 is divided by 300.
265
What is the remainder when 64043 is divided by 190?
13
What is the remainder when 8174 is divided by 150?
74
What is the remainder when 1760 is divided by 113?
65
What is the remainder when 23168 is divided by 1649?
82
What is the remainder when 487360 is divided by 36?
28
What is the remainder when 1549 is divided by 18?
1
Calculate the remainder when 122634 is divided by 52.
18
Calculate the remainder when 7819 is divided by 468.
331
What is the remainder when 51298 is divided by 6?
4
What is the remainder when 23766 is divided by 2160?
6
Calculate the remainder when 30851 is divided by 70.
51
Calculate the remainder when 5421 is divided by 169.
13
Calculate the remainder when 2461 is divided by 236.
101
What is the remainder when 9854 is divided by 3098?
560
What is the remainder when 63053 is divided by 28?
25
What is the remainder when 5698 is divided by 52?
30
Calculate the remainder when 183594 is divided by 150.
144
Calculate the remainder when 19120 is divided by 4778.
8
What is the remainder when 16701 is divided by 16699?
2
Calculate the remainder when 2081 is divided by 131.
116
What is the remainder when 64757 is divided by 370?
7
Calculate the remainder when 19129 is divided by 39.
19
What is the remainder when 71303 is divided by 15?
8
Calculate the remainder when 34630 is divided by 222.
220
Calculate the remainder when 9034 is divided by 3784.
1466
What is the remainder when 6067 is divided by 32?
19
What is the remainder when 9098 is divided by 34?
20
What is the remainder when 2044 is divided by 255?
4
Calculate the remainder when 5441 is divided by 11.
7
Calculate the remainder when 21979 is divided by 733.
722
Calculate the remainder when 182969 is divided by 614.
611
Calculate the remainder when 8935 is divided by 532.
423
What is the remainder when 9694 is divided by 243?
217
What is the remainder when 10943 is divided by 842?
839
What is the remainder when 43435 is divided by 79?
64
Calculate the remainder when 3972 is divided by 103.
58
What is the remainder when 2360 is divided by 2175?
185
Calculate the remainder when 57439 is divided by 857.
20
What is the remainder when 10832 is divided by 5412?
8
What is the remainder when 541989 is divided by 6?
3
Calculate the remainder when 20879 is divided by 24.
23
Calculate the remainder when 3323 is divided by 247.
112
Calculate the remainder when 34942 is divided by 416.
414
What is the remainder when 16739 is divided by 197?
191
What is the remainder when 291 is divided by 109?
73
What is the remainder when 35748 is divided by 380?
28
What is the remainder